3)?
2, 3, 13, 79
Let y be 112/(-8) - -8 - -9. Suppose 18*l - 14*l - 1411 = y*p, l + p = 344. What are the prime factors of l?
349
Suppose -4*t + 13*t = -t + 119210. What are the prime factors of t?
7, 13, 131
Let h(o) = 7*o**3 - 36*o**2 + 302*o - 47. List the prime factors of h(16).
7, 3463
Suppose -436734 - 1460457 = -39*o + 7335. What are the prime factors of o?
2, 3, 2713
List the prime factors of (-7)/(567/18) + (511864/(-9))/(-8).
7109
Let b(j) = 2*j**2 - 14*j - 5. Let c be b(5). Let h = 28 + c. Suppose 9 = 3*g, -5*q + 2*q + 45 = -h*g. What are the prime factors of q?
2, 3
Suppose -3*m + 4*m = 587. Suppose -589 = -5*s - 4*c, -5*s - 4*c = -2*c - m. List the prime factors of s/(-2)*(-2)/3.
3, 13
Let i(d) = -d**3 + 122*d**2 + 334*d + 440. List the prime factors of i(124).
2, 347
Let p = -75 + 49. Let u = 30 + p. What are the prime factors of -34*5/(-20)*u?
2, 17
Suppose -3835 = -5*y + 3*x - 8*x, -5*x + 1525 = 2*y. Suppose 0 = -l - 245 + y. Suppose 175 = 4*t - l. What are the prime factors of t?
5, 7
Let q = -82 - -84. Let j = 13 + -13. Suppose 2*r - 140 = q*c - 3*c, j = 2*r - 10. List the prime factors of c.
2, 5, 13
Let v(q) = -6*q**3 - 14*q**2 - 31*q - 163. List the prime factors of v(-13).
2, 691
Suppose 5*f - 3*f - 3*i = 788, 4*i = -f + 416. Let b = -30 + f. What are the prime factors of b?
2, 5, 37
Let u = 46080 - 27207. List the prime factors of u.
3, 233
List the prime factors of (-294)/1176 - (-5741)/4.
5, 7, 41
Let j(z) = 38*z + 19. Let t be j(4). Let d = t + -91. Suppose 3*n - 5*h + 20 = d, -n + 13 = -4*h. What are the prime factors of n?
5
Suppose -b + 26*b - 575 = 0. Suppose -5*t - 425 = -5*f, b*f - 25*f = -4*t - 174. What are the prime factors of f?
83
Let y be 9*(91/21 - (6 + -3)). What are the prime factors of 4*(2874/y + 7)?
2, 17, 29
Suppose -10*a = -6114 - 846. Suppose i - 222 = -3*u, a = 3*i + 3*u - 4*u. List the prime factors of i.
3, 7, 11
Let i = -383 + 3632. What are the prime factors of i?
3, 19
Let u = 48898 + -18065. What are the prime factors of u?
11, 2803
Let x = 3517 - 6412. What are the prime factors of x/9*66/(-55)?
2, 193
Let i = -588 - -417. Let s = -102 - i. Suppose s = 4*n - n. What are the prime factors of n?
23
Let t(d) = d + 7*d**2 - 3*d + 3*d - d - 33 - 2*d. What are the prime factors of t(7)?
2, 37
What are the prime factors of (-173)/(-173) - (-35450 - 5)?
2, 277
Let a(w) = 11*w + 26. Let v(n) = -21*n - 79. Let q(g) = 5*a(g) + 2*v(g). Suppose 4*z = z + 24. What are the prime factors of q(z)?
2, 19
Let r = 4881 - -8633. List the prime factors of r.
2, 29, 233
Let l = -18046 + 18602. List the prime factors of l.
2, 139
Suppose 218*j - 70009 + 477065 = 231*j. What are the prime factors of j?
2, 19, 103
What are the prime factors of (9/30)/(-3) + 21 + (-1432998)/(-180)?
2, 13, 307
Let t be (-64)/(-80) - (-32466)/30. Let q = t + -42. List the prime factors of q.
3, 347
Suppose -4*h - 32618 = 4*y + 35738, -5*h - 85436 = -4*y. What are the prime factors of h/(-40) + 4/5?
2, 107
Let a(l) = l**2 - 29*l - 102. Let f be a(32). List the prime factors of (-8)/f + 17094/126.
137
Let x(z) = 3*z**2 - 3*z - 1350. Let i be x(0). What are the prime factors of (-91)/(-15) - (-90)/i?
2, 3
Let j = -65 + 65. Suppose j = 7*k + 4*k - 22. What are the prime factors of k/(-11) - 1821/(-33)?
5, 11
Let b = 9 + -7. Let i be (-2 + 4)*(b + 0). What are the prime factors of ((-61)/i)/((-8)/32)?
61
Suppose -5*s - 184 = -2*t, -3*s + 79 = -5*s - t. Suppose l - 5*g = 21, -g + 36 = l - 3*g. Let r = s + l. List the prime factors of r.
2
Let b be (-2 + 0/2)/(4 + -2). Let r(f) = -2*f + f**2 + 8*f**2 + 4*f - 8*f**2 - 198*f**3. List the prime factors of r(b).
197
Let r = 62 - 57. Suppose 4*i = -r*a + 29, 0 = -2*i - a + 34 - 15. Let k = 16 - i. List the prime factors of k.
5
What are the prime factors of (4 + (-143)/26 - 1) + (-127419)/(-2)?
7, 19, 479
Suppose 0 = -0*k + 14*k + 56. List the prime factors of (-5)/k + -9815*7/(-140).
2, 3, 41
Let t be (-47)/9 - 4/(-18). Let j(q) = -67*q**3 - 6*q**2 + 3*q - 1. Let l(d) = -d**2 + d. Let v(h) = t*l(h) + j(h). List the prime factors of v(-1).
67
Let z(d) = -4*d**3 - 3*d**2 + 357*d - 22. List the prime factors of z(-18).
2, 41, 97
Let v = 77 + -77. Suppose v*q = -4*t + q + 41, -2*q = 10. Suppose 0 = -t*y + 3394 - 1306. What are the prime factors of y?
2, 29
Let j(t) = -95*t - 92. Let g = 459 + -467. What are the prime factors of j(g)?
2, 167
Let f = 344 + -342. Suppose k - 783 = -3*w, -3*k = -f*w - 1454 - 928. What are the prime factors of k?
2, 3, 11
Suppose g = 8*g. Suppose g = -10*k - 356 + 2876. List the prime factors of k.
2, 3, 7
Suppose 0 = -4*g - 12, -1788 = -3*y + 27*g - 28*g. What are the prime factors of y?
3, 199
Let m = -116 + 119. Suppose -m*y + 1234 = -5*v, v - 3*v = -5*y + 2063. What are the prime factors of y?
7, 59
Suppose 0 = -2*s - 137 + 33. Let u = s - -10. List the prime factors of ((-142)/5)/(u/105).
71
Let d(k) be the third derivative of k**5/20 - 25*k**4/12 + 5*k**3/3 - 31*k**2. Let h be d(20). List the prime factors of h/13 - (-6)/(-39) - 2.
2, 7
Let i be ((-6)/9)/((-3)/(54/(-4))). Let j(z) = 182*z**2 - 3*z - 3. What are the prime factors of j(i)?
2, 3, 137
Let x = -277 - -174. Let v be 3 - 52 - (-1 + 1). Let y = v - x. List the prime factors of y.
2, 3
Let w(u) = -5*u**2 + 59*u + 22. Let a(v) = -26*v**2 + 294*v + 109. Let z(h) = 2*a(h) - 11*w(h). List the prime factors of z(32).
2, 137
Let d(y) = 4*y + 22*y**3 - 2*y + 2*y**2 - 3 - 10*y**3 - 13*y**3. Let m be d(1). Suppose -h - 194 = -u - m*h, -622 = -3*u - 5*h. List the prime factors of u.
199
Let m(d) = 121*d**2 - 33*d - 11. What are the prime factors of m(13)?
11, 17, 107
Let a = -65739 + 92068. List the prime factors of a.
113, 233
Let o(n) = 35*n + 76. Let f be (-9 + (-1 - -9))*-10. List the prime factors of o(f).
2, 3, 71
Suppose 103316 = -844*n + 867*n. List the prime factors of n.
2, 1123
Let l(w) = 118*w**2 + 57*w + 515. What are the prime factors of l(-12)?
16823
What are the prime factors of 1 - (-18)/(-2) - (1675 - 58354)?
56671
Suppose -5*d = -3*p - 657, -3*p + 661 = 5*d - 2*p. Suppose 0 = 5*o - 24 + 9. Suppose -j + d = -3*x, -3*j = 2*j - o*x - 624. List the prime factors of j.
3, 41
Let r(u) be the first derivative of -975*u**2/2 + 22*u - 7. List the prime factors of r(-1).
997
Let o(g) = g**3 + 5*g**2 - 4*g + 1. Let a be o(-3). Suppose -2*p + 35 = a. Let w(l) = 24*l**2 + l + 1. List the prime factors of w(p).
3, 11
Let g(n) = 2422*n - 187. What are the prime factors of g(13)?
3, 10433
Let g(s) = 27901*s**3 - 3*s**2 + 10*s - 8. What are the prime factors of g(1)?
2, 3, 5, 31
Let j be -285 - 4/(3 - 4). Let a = j + 1145. What are the prime factors of a?
2, 3
Let c(y) be the second derivative of -32*y**3/3 + 3*y**2 + y + 6. List the prime factors of c(-7).
2, 227
Let z = -6618 - -9288. Suppose 6*g + 2*j - z = 2*g, -4*j = -12. What are the prime factors of g?
2, 3, 37
Suppose 3*a = -2*y + 14, 0 = -4*a - 24*y + 29*y + 34. What are the prime factors of (43 - 5)/(a/87)?
19, 29
Suppose 4*x = -5*u + 2*u + 3, -3*x - 3*u = 0. Suppose x*y - 147 = 7*k - 11*k, -3*k = 0. What are the prime factors of y?
7
List the prime factors of (-580)/4*(-5 - (79 + 30/6)).
5, 29, 89
Let z(l) = 643*l + 578. What are the prime factors of z(16)?
2, 3, 1811
Let k(b) = -b + 3. Let y be k(5). List the prime factors of 1 + (-687)/y - (-7)/14.
3, 5, 23
List the prime factors of ((-4)/(84/484645) - (-4)/12)*-2.
2, 11, 1049
Let b(g) = g**2 + 2*g + 4. Let a(q) = -q**3 - 3*q**2 - 9*q - 17. Let o(f) = 2*a(f) + 9*b(f). Let s = 692 + -695. What are the prime factors of o(s)?
83
Let p(v) = -3*v**2 + 11*v - 52. Let k be p(8). What are the prime factors of (k + -11)/((-2)/4)?
2, 167
Suppose -2*a + 165270 = 3*p - 5*a, -3*p + 2*a = -165273. List the prime factors of p.
37, 1489
Suppose -p - 12 = -4*p. Suppose 2*q - 5*r - 101 = -23, 3*r = -p*q + 130. Let g = q - 21. List the prime factors of g.
13
Let x = 1236 + -848. Suppose -5*g + 302 + x = 0. What are the prime factors of g?
2, 3, 23
Let m = -162 - -51. Suppose 0 = 2*x + 38 - 18. List the prime factors of m/(-15)*x/(-8)*12.
3, 37
Let k(b) = 10*b - 22. Suppose 20 = -7*l + 12*l. Let v be (14/l)/(5/10). List the prime factors of k(v).
2, 3
Let a(f) = -2*f + 3. Let d be a(2). Let v(w) = -5*w + 9. Let c(t) 